test common divisor of 5238 and b.
194
Let a(r) = 4*r**3 - 4*r**2 + r. Let b be a(3). Suppose 60 = 5*z - 6*h, -3*z + 49*h = 50*h - 13. What is the highest common divisor of b and z?
3
Let s be (-1)/(-2)*(-28 - -26). Let o be (s - 253/(-33))*21. Let d = -38 - -66. Calculate the highest common divisor of o and d.
28
Let l(f) = 5*f**3 + 55*f**2 - 11*f. Let q be l(-6). What is the highest common divisor of 27 and q?
3
Let g(i) = 5*i**2 + 27*i - 24. Let w be g(-14). Suppose 51*k = 53*k - 68. What is the greatest common divisor of w and k?
34
Let m(o) = 2*o**3 + 17*o**2 - 13*o - 28. Suppose 0 = k - 86 + 95. Let g be m(k). What is the greatest common factor of 256 and g?
8
Let s be ((-1470)/(-4))/((-91)/(-364))*(0 - -1). What is the highest common divisor of 120 and s?
30
Let g = 74 + -63. Let w(u) = -4*u**2 - 19*u + 1. Let q be w(-3). What is the highest common divisor of g and q?
11
Suppose 2643*p - 6072 = 2641*p. What is the highest common factor of 396 and p?
132
Let q = -874 + 7417. Calculate the greatest common divisor of q and 18.
9
Let i be 4*3/(-30) - 1934/(-10). Suppose 28 = -k + i. Calculate the greatest common divisor of 66 and k.
33
Let b = 49003 - 26973. What is the highest common divisor of b and 10?
10
Let r be 2498 - (18 + 7) - -7. What is the greatest common factor of 8370 and r?
310
Let b be (-704)/(-12) - (-6)/(-9). What is the highest common divisor of 7018 and b?
58
Let s be 6 + 5/((-460)/(-8)) + 91321/667. Suppose -4*d = -5*u + 186 + 101, 0 = 3*u - d - 168. Calculate the greatest common divisor of u and s.
11
Let p = -3191 + 18508. What is the highest common divisor of p and 1156?
289
Suppose 0*p + 210 = 7*p. Let y be p/(-105) - (-111)/21. Let s(u) = -u**3 - 2*u**2 - 5*u - 4. Let g be s(-3). What is the greatest common factor of g and y?
5
Let i(u) = 27*u + 759. Let o be i(-27). Let f(n) = -281*n + 4. Let t be f(-1). What is the greatest common divisor of o and t?
15
Let o = 14 + -2. Suppose -3*l + 139 = -185. Suppose -l = 152*p - 158*p. What is the greatest common factor of o and p?
6
Let w(a) = -a**2 - 11*a + 2. Let h be w(-5). Let t = 749 + -1044. Let z = t + 311. Calculate the highest common factor of z and h.
16
Let n = -37 - -40. Let o be (-318)/(-8) - n/4. Suppose -l + 137 + 19 = 0. What is the highest common divisor of l and o?
39
Let m(i) = i**2 + 2*i + 132. Suppose 0 = 7*s - 3*s - 3*s. Let y be m(s). Calculate the highest common factor of 24 and y.
12
Suppose 1 = -3*z + 19. Suppose 366*o = 369*o + 126. Let v be 366/126 - 4/o - -21. Calculate the greatest common divisor of z and v.
6
Suppose 4 = 3*w - 4*w. Let c(q) = 29*q**2 + 2*q + 6. Let m be c(w). Calculate the highest common factor of 66 and m.
66
Let j be (-430)/(((-39)/91)/3*14/12). Calculate the greatest common divisor of 60 and j.
60
Let g = 18221 - 18188. Calculate the greatest common factor of g and 4235.
11
Let c = -131 + 163. Suppose 3*u - 83 + c = 0. Suppose u*a = 24*a - 77. What is the highest common factor of 11 and a?
11
Let c(p) = -24*p + 12. Let x be c(-7). Let w = 2 + x. Calculate the highest common divisor of w and 26.
26
Suppose -3*w + d = -165, 4*w - 218 = 2*d - 0*d. Let t(g) = -4*g**2 + 6 + 6*g + 3*g**2 + 2. Let i be t(6). Calculate the greatest common factor of w and i.
8
Let u be -32*((-13)/12 + 3/(-18)). Suppose -5*n = 3*k - 48, 4*n + 0*n + 2*k = u. What is the greatest common divisor of 21 and n?
3
Let y be (-1)/(-2*(-2)/(-380)). Let b = 135 - 126. Suppose b + 29 = 2*r. What is the greatest common factor of y and r?
19
Suppose w + i = 6*w - 68, -3*i = 5*w - 56. Let k(l) = -l**3 - 22*l**2 - 3357*l - 76947. Let m be k(-23). Calculate the highest common divisor of m and w.
13
Suppose 3*x - 20*c - 533 = -19*c, -3*c + 370 = 2*x. Let r = x + -171. What is the highest common factor of r and 12?
4
Let x = -686 + 1001. Let b(r) = -r**3 - 110*r**2 + 151*r + 4482. Let v be b(-111). What is the highest common factor of x and v?
21
Let p(k) = -10*k - 4. Let r be p(6). Let d = r + 63. Let u be d - (3/(-4) + 651/(-28)). What is the greatest common divisor of 46 and u?
23
Let m(k) = -2*k**3 + 30*k**2 - 24*k + 117. Let l be m(12). What is the greatest common factor of 252 and l?
63
Let k = -2673 + 2729. Calculate the greatest common divisor of 40 and k.
8
Suppose -34*j + 33*j - 57 = 0. Let p = 55 + j. Let o be 5/15*9 + p. Calculate the highest common divisor of 5 and o.
1
Suppose q = g + 78 - 99, 5*g = -q + 63. What is the greatest common divisor of 9268 and g?
14
Let t = -2170 + 2560. What is the highest common divisor of t and 40?
10
Let w(n) = -5*n + 4. Let v(k) = k. Let f(c) = -4*v(c) - w(c). Let o be f(15). Let i = -218 - -262. What is the greatest common divisor of i and o?
11
Suppose 2*l - 41 = 29. Let s be 3 + (-4 - -3) - (-103 - -2). Suppose -2*x - 75 = -s. What is the highest common factor of l and x?
7
Let t = 23 + -20. Let g = t - 1. Suppose 2*r = -g + 14. What is the highest common divisor of r and 60?
6
Suppose 3*d = -32 + 47. Suppose -154 = d*r + 466. Let c be -2*r/24 - (-2)/3. Calculate the highest common divisor of 99 and c.
11
Suppose 8*w = 17 + 863. Let d = 122 - w. Suppose 4*t - l = -0*l + d, 0 = -t - 4*l + 3. What is the greatest common factor of t and 3?
3
Let k(v) = -14*v**3 + 45*v + 187. Let s be k(-4). What is the highest common factor of 645 and s?
129
Let l(p) = p**3 - 5*p**2 - 48*p + 236. Let n be l(9). Let j = -50 + 74. Calculate the greatest common divisor of n and j.
8
Let f = -5 - -11. Suppose -3*r - r + 2*d = -62, r - 5*d = 11. Suppose r = 8*x - f*x. What is the greatest common divisor of x and 2?
2
Suppose 77 = 4*b + 3*b. Suppose -70 = b*m - 16*m. Suppose 8*f = 9*f - m. Calculate the highest common factor of 7 and f.
7
Let p be 5838/(-20) - (-41)/(-410). Let f = 520 + p. What is the highest common factor of f and 12?
12
Let i = 1952 - 1936. What is the highest common divisor of 7 and i?
1
Let v be ((-7)/(-4))/(22*(-6)/(-26400)). What is the greatest common factor of 770 and v?
70
Suppose 23*b - 482240 = -162*b + 1198855. Calculate the greatest common divisor of b and 39.
39
Let p = 924 - 440. Suppose -3*h = -h - p. Calculate the highest common factor of 22 and h.
22
Suppose -3*w + 162 = t, -81*t - 3*w + 456 = -78*t. Calculate the greatest common divisor of 231 and t.
21
Let a = -300 - -23761. What is the greatest common divisor of 29 and a?
29
Suppose -2*l = -7*l - 3*l + 1080. Calculate the highest common divisor of 1680 and l.
15
Let a(h) = -3*h - 55. Suppose 5*d = y + y + 53, 34 = -y + 5*d. Let o be a(y). Let f be (-84 - -6)/((-3)/o). What is the greatest common factor of 39 and f?
13
Let w be 5*101*(14 + (-4 - -2)). Calculate the highest common factor of 120 and w.
60
Suppose 14*u - 208 = u. Suppose -4*t - 63 = -5*m - 34, -3*m + u = -t. Calculate the greatest common factor of m and 20.
5
Suppose 150*w + 2*w - 9234 = -91*w. Let c(m) = -m**2 - 4*m + 7. Let h be c(-5). Calculate the greatest common divisor of h and w.
2
Suppose -21*h - 235 - 530 = -66*h. What is the highest common factor of 5168 and h?
17
Let j = -3958 + 4248. What is the greatest common factor of j and 70?
10
Let l be 35176/4 + 2 - (-61 + 73). What is the greatest common divisor of 18 and l?
18
Suppose 3*j = j + 4*w - 4, -3*w + 15 = 0. Let s be ((-672)/147)/(3/(-21)). Suppose s*a = -391 + 1159. Calculate the highest common divisor of a and j.
8
Suppose 0 = 3*w - 5*d - 2670, -5*w = 28*d - 27*d - 4450. What is the greatest common factor of w and 30?
10
Suppose 3*b = 5*p + 13286, 3*p + 8722 = 4*b - 9000. Suppose 16*w - b = 1728. Calculate the greatest common divisor of w and 70.
35
Let v(p) = 106*p - 1084. Let m be v(18). What is the greatest common divisor of 721 and m?
103
Let d be (-10)/2 + 7*4/14. Let t be -1*d/(-6)*-7*2. Suppose -4*q = -t*q + 525. What is the highest common divisor of q and 35?
35
Suppose 4*g = 0, 6*g - 155 = -5*h + 4815. What is the greatest common factor of h and 42?
14
Let o(h) = -6*h + 11. Let d be o(0). Suppose -d*f + 3360 = -6*f. Suppose 3*l + f = 9*l. Calculate the highest common factor of l and 14.
14
Suppose -3*z + s + 1213 = 0, -4*z - s + 4*s = -1624. Calculate the greatest common divisor of 26 and z.
13
Suppose 0 = -4*x - s + 2052, -6*x + 5*s = -2*x - 2028. Let a be ((-9)/(-270)*12)/((-2)/(-80)). What is the highest common 